
-27
Calculate -32 - (-145 + 148 + (-14 - 1)).
-20
Calculate -29 + 46 - (28 - 6).
-5
What is the value of (0 - 2) + -144 + 135?
-11
What is (-5 - -18) + (8 - (-2 - -4))?
19
What is -12 - (-33 - 18 - -21)?
18
What is the value of 2 + -6 + 8 + (-33 - -17 - -21)?
9
What is the value of 26 + -28 + (-4 + 6 - (2 + -4))?
2
Evaluate -3 - -1 - (-19 - -4 - 9).
22
What is the value of 4 - (-1 + 2 - -1) - 2 - 16?
-16
What is -19 + 48 + -27 - -14?
16
(-8 - (22 + -21)) + 15
6
What is the value of -40 - (-59 - (29 - 60))?
-12
Calculate -12 - ((41 - 35) + (-2 - 0)).
-16
What is -3 + (-1 - (1 + -10 + -19)) + 1?
25
What is the value of 3 + -6 + ((7 - 5) + 3 - -1)?
3
What is 1 - ((408 - 404) + -1 + 0 + 5)?
-7
Evaluate 13 + -8 + -21 - (-25 - 0).
9
Evaluate -13 - (-6 + 9 + -16).
0
Evaluate (-48 - -52) + (2 - 2) + -6 + 1.
-1
What is -3 - (23 - (1 - -4) - 20)?
-1
What is 10 - ((-32 - -34) + (-2 - -12))?
-2
What is 20 - (16 + (19 - 27))?
12
Evaluate -79 + 78 + (1 - 0) - -11 - 42.
-31
What is the value of 10 + 0 + (-16 - (-2 + -14)) - -15?
25
What is the value of -7 + -23 - (3 + -50)?
17
What is 6 + 2 + (8 - (-10 + 9))?
17
Calculate (-2 - 1 - (-41 - -34)) + -4 + 11.
11
Evaluate -15 - (9 + -2 - (-67 + 64)).
-25
-2 - (-3 - 1) - 27
-25
Evaluate 0 + 11 + 3 + -23 + 8.
-1
Evaluate -5 + (-2 - -2) + 4 + 5 + 1.
5
What is the value of -15 + (58 - 32) + -4 + 4?
11
What is 4 + -2 + -2 + 7 - (-5 + 11)?
1
-4 + -30 - (19 - (20 + 14))
-19
7 + (17 - 13 - 2)
9
What is the value of (7 - (4 + -1)) + (3 - -1 - 1)?
7
Calculate 1 + 4 + (-5 + (0 - -10) - 6).
4
What is -31 - (2 + 0 + -19) - -25?
11
-2 - (1 + -6 + (7 - 1) + -5)
2
Evaluate (26 - 29 - -27) + -51.
-27
What is the value of -6 + (1 + -11 - -20)?
4
What is 6 + (-9 - 71 - -46)?
-28
What is -4 - (51 + -40 + 9 + 0) - -9?
-15
Evaluate -12 - (-20 + (6 - -2) + 7).
-7
Evaluate -3 - 10 - (-25 - -49 - 21).
-16
Evaluate (-38 - -5) + (-38 - -54).
-17
What is the value of (-3 - (1 - 0)) + -9 + -2 - -5?
-10
What is the value of -39 + 47 + 6 - (1 + -8)?
21
Calculate -5 + 4 + 1 + (-23 - -1) - -7.
-15
What is the value of 3 + 3 + -1 - (68 - (-25 - -62))?
-26
Calculate 0 + -16 - (-62 + 17).
29
Evaluate -2 - (7 + (4 - 5) + 1).
-9
Calculate (-29 - -38 - -17) + 15.
41
23 + -4 - (-3 - (-21 - -6) - 8)
15
(-1 + -3 - 4) + 1 + 1 + 3
-3
(-102 - -21 - -46) + 18 + -3
-20
Calculate (-3 - (8 + -8)) + (7 - 7).
-3
What is 54 - ((-12 - 25) + 54)?
37
What is the value of -12 + 24 + -9 + (18 - 1 - 0)?
20
What is -1 + (-4 - -12) + (-4 + -3 - -1)?
1
What is the value of 3 - -1 - (170 + -158)?
-8
Evaluate -3 - (9 + -40 - -18) - 17.
-7
Evaluate -1 + -2 - (41 - (-17 - -46)).
-15
-22 + -10 + 38 + 3 + (-3 - 0)
6
-23 - (-45 + (24 - 18))
16
Calculate (10 + 1 - -1) + -158 + 150.
4
Calculate -12 + (5 + (11 - 11) - 8) + 32.
17
-1 - 0 - (-44 - -16 - -29)
-2
Calculate (-24 - 9 - -39) + -16.
-10
What is (5 - -3) + (-5 - -16) + -14?
5
-13 - (-15 - (-11 + 5 - 1))
-5
Evaluate (74 - 58) + (-6 - (4 + -2) - -3).
11
201 + -188 - (1 - -12)
0
Calculate -5 - (7 + -5 + 4).
-11
14 - ((-9 - 21) + 38)
6
Evaluate 1 - -6 - (187 - 182).
2
7 + 1 - (2 + (8 - 2) + -2)
2
What is the value of -29 - (-83 + 43) - 34?
-23
-5 + 12 + (-4 - 0) + (239 - 217)
25
What is (5 - (11 + -16 + 5 + -2)) + 9?
16
What is (7 - (22 + -41)) + (2 - 2) + -6?
20
What is -15 + 14 + -11 + 11 + -2?
-3
What is the value of (-1 - (-7 - -14)) + 2 - -20?
14
Evaluate 16 - (-19 - (-2 - (-5 - -17))).
21
What is (4 + (-11 - -7) - 20) + 8?
-12
Calculate 2 - (4 - -2 - 11).
7
What is 19 + -1 + 0 - (-3 - -7) - 3?
11
What is the value of -19 + 10 + -2 + 20?
9
What is 13 + (-5 + 2 + 7 - (4 - 0))?
13
What is 5 - ((11 - 4) + -5 - (-2 + 7))?
8
What is the value of (0 - -1) + (3 - (-5 + (4 - 4)))?
9
Evaluate -3 + -18 + (52 - (-7 + -1)).
39
-27 + (-1 - (39 + -41))
-26
Calculate (12 - -1) + (5 - 4 - 9).
5
Calculate (7 + -8 + 3 - 9) + 2.
-5
What is 57 + (5 - (2 + 26))?
34
Evaluate -4 + 16 - 3 - (28 - 29).
10
Evaluate -8 + 25 + -7 + -1 + 2 + 7.
18
What is ((5 - -2) + 6 - 4) + (-3 - 0)?
6
Evaluate 1 - ((-39 - -13) + 42).
-15
What is the value of 35 + -24 + -17 + 6 + 0 + 7?
7
What is the value of 9 + -10 + 12 + -10 + 23?
24
74 + -9 - 74 - (-19 + (-1 - -1))
10
What is (-2 - 0 - -12) + (25 - (0 + 26))?
9
What is 4 + -83 + 76 + (-1 + -1 - -14)?
9
Evaluate 30 - (-6 + 1 - (9 + (-15 - 4))).
25
Calculate -10 - (2 + 1) - (12 - 21).
-4
Evaluate 0 + 9 + -12 + -1 + -5 + 9.
0
Evaluate 27 + -53 + 19 - 16.
-23
What is -26 + 25 + (-7 + 5 - -11)?
8
What is (10 - (30 - 19)) + 9 + 0 + -4?
4
What is the value of -6 + (2 - -1) + 5 + -15 + 13?
0
-5 + (17 - 1) + 5 - (-1 + 5)
12
What is the value of -19 + 26 - 16 - (-5 + 2 - 13)?
7
What is -262 + 263 - (5 + -3 + (0 - -16))?
-17
Evaluate (15 - 24 - 3) + -1.
-13
What is -1 + (2 + -5 - (21 - 10))?
-15
-11 + (-10 + 5 - (4 - (4 + -2)))
-18
What is the value of 43 + -13 + 45 + -57?
18
Calculate (3 - (-3 - (-4 - -1))) + (-14 - -10).
-1
(1 + (-4 - -1) - (-8 + 1)) + 2
7
-4 + 19 + -27 + -2 + 2 + 5
-7
Evaluate 17 - (22 - (-14 + 25)).
6
Calculate 22 + -20 + 3 + 0 + -8.
-3
Evaluate 62 - (-10 - -34) - 35.
3
What is 776 + -768 - (-8 - 1 - 0)?
17
What is -30 + (-4 - -13) - -28?
7
What is the value of 7 - (15 + -2 + -8 - 7)?
9
16 + 4 + -14 - -2
8
What is -23 + 0 + 2 - (-5 + -9 + 5)?
-12
Calculate 18 + (-27 - -34) + -20.
5
Calculate -70 + 62 - (-1 + -16).
9
What is the value of -15 + (-1 - 4 - (-11 + 1))?
-10
Calculate (-14 + (6 + -6 - -10) - 6) + 37.
27
What is the value of 3 + 4 + -9 + -12 + -2?
-16
What is the value of -8 + (8 - -24) + 10 + -17?
17
Evaluate -4 - ((-1 - -33) + (-19 - (3 + -18))).
-32
Calculate 226 - 214 - (0 + -2 + 10 - 0).
4
What is the value of (3 + 4 + -5 - (8 + -18)) + -2?
10
What is the value of -5 - ((6 - (16 - 4)) + (1 - -1))?
-1
Evaluate -10 + -10 + 14 + -5.
-11
What is (2 - (-44 - -38 - (-3 - 13))) + -5?
-13
Calculate 4 + 3 + -5 - (-6 - 19 - -17).
10
What is the value of (-2 - -4) + 45 + -36 + -1 + -8?
2
-20 + -1 + (632 - 635)
-24
-5 + -6 + (4 - -8 - -22)
23
Evaluate (21 - 25) + -8 + 5 + 2.
-5
Evaluate 2 - (12 + -12) - 3.
-1
(5 - -26) + -21 + 3
13
Evaluate -17 + -1 + 24 - -9.
15
Evaluate -2 - (-9 + (-10 + 9 - -7)).
1
(18 - 0) + (-32 - -21)
7
Calculate (-12 - (3 - 9)) + (3 - (-8 + 1)).
4
(-87 - -94) + (-2 + -2 - 4) + -7
-8
7 + 14 + (-19 - 2) - -7
7
11 + -1 - (304 - 293)
-1
What is (-14 - 1) + (10 - (-1 + 8)) - 1?
-13
Calculate (1 - 12) + 17 + -1.
5
-15 + -17 + 10 + 26
4
What is 3 + 1 + (-7 - (-9 + 6))?
0
(-1 - -16) + (3 - (27 + -31))
22
What is 21 + (-7 - (4 - -4 - 5))?
11
What is -25 - (-11 + 9 - (7 + (-9 - -5)))?
-20
-43 - -45 - (2 + (4 - -13))
-17
5 + (-26 - (-19 + 8)) + 9
-1
Evaluate 12 + 19 - 18 - (1 + 2).
10
Evaluate 10 + -6 - -3 - (68 + -87).
26
Calculate 11 - (-18 - (-14 + 1)).
16
What is the value of -25 - (-37 - -24) - 12?
-24
Evaluate 21 + (-40 - -19) + -2 + 5.
3
Calculate (316 - 272) + -17 + (3 - 1).
29
What is (1 - -3) + (-3 - 6) + (89 - 80)?
4
Evaluate 0 - (3 - (-2 - -5 - 8)).
-8
What is the value of -5 - (-16 + -15 + 23 + 17)?
-14
Calculate -1 + 7 + -18 + 32 - 5.
15
-14 + 16 - (-3 + -3)
8
What is the value of -4 - -5 - (-2 + -2 - (-3 + -6))?
-4
Evaluate (11 + -6 + 2 - 26) + 13.
-6
What is the value of -31 + 21 + -9 - -7?
-12
-3 + -6 + (10 - 16) + 10
-5
What is 6 - 10 - (-10 - 16) - (0 + 5)?
17
Evaluate 4 + (-1 - (-5 + 1)) + -21.
-14
What is the value of 301 + -301 - (-1 + -1 + 10 + 2)?
-10
Evaluate (-2 - 5) + 6 + -9 + 8 - -8.
6
28 + -21 - 9 - -1 - (-1 - 21)
21
Calculate 10 + (0 - (1 + -5)).
14
Evaluate 15 + -16 + -9 - -7.
-3
Calculate 22 + 18 + -43 - (-1 + (-11 - -1)).
8
What is the value of 40 + -20 + (-3 - (-2 - -6))?
13
-9 + 6 + (-15 - -2) + 6
-10
Calculate 15 - (-7 + 33 + -8).
-3
Calculate 1 + -4 - (-2 + 1) - (-443 + 452).
-11
-2 + (5 - -28) + -17 + -2
12
What is 15 - (-1 - (17 - 17))?
16
What is the value of 0 + 0 - (11 + -11 + 20 + -2)?
-18
Evaluate (27 - 3) + -34 + 11.
1
-1 + -3 + (5 + -36 - -15) + 3
-17
Evaluate -17 + (32 - (14 - -4)).
-3
(13 - (11 + 2)) + -3 + 14 - -7
18
What is the value of (-5 - -19) + (-36 + 16 - -14)?
8
-1 - ((2 - 7 - 2) + 1 + 4)
1
Evaluate -2 + 1 + -7 + (37 - 2) + -19.
8
-5 - (3 + (3 - 23))
12
Calculate -13 - (-7 - 0 - (46 - 44)).
-4
Evaluate 22 + (-25 + -10 - -24).
11
Evaluate 28 - (-1 + 14) - 27 - -26.
14
Evaluate (39 - 71 - -16) + (-1 - -28).
11
Evaluate 4 - -7 - 